et h = 4618 + -2768. List the prime factors of 11/(165/h)*3.
2, 5, 37
Let j be 1 - 9/6 - (-117)/(-18). List the prime factors of (-1)/(j/3) - 352830/(-665).
3, 59
Let j(i) be the second derivative of 212*i**3/3 - 2*i**2 - 25*i - 4. What are the prime factors of j(1)?
2, 3, 5, 7
Let a(x) = 57*x**2 + 7*x + 23. List the prime factors of a(-3).
5, 103
Let m = 1 - -91. Let i = m + 16. What are the prime factors of i?
2, 3
Suppose 0 = 3*q + 4*t - 67, -4*t + 17 = -3*q + 4*q. Suppose -q*k + 32*k = 952. Suppose m + 5*g = k, -m + 6*m = -5*g + 580. List the prime factors of m.
3, 37
Let m = 38 + -36. Let u be (0 - m)*(-142 + 5). Suppose -2*s - u = -4*b, b - s = -3*b + 275. List the prime factors of b.
3, 23
Let k = 172 + -181. What are the prime factors of 3/(k/1752*-4)?
2, 73
Suppose -12*m + 58321 = 13153. Suppose 9*p = 6325 + m. List the prime factors of p.
19, 59
Let s(k) be the third derivative of 0*k + 0 + 5*k**2 + 1/3*k**3 + 1/12*k**4 + 11/60*k**5. List the prime factors of s(-3).
5, 19
Let v = 4222 + -5976. Let m = v + 2893. What are the prime factors of m?
17, 67
Let u be (54/(-24))/((-9)/(-120)). Let i = u + 9. What are the prime factors of ((-1274)/i)/(6/9)?
7, 13
Suppose 0 = 2*u + a - 542, -a + 28 = -u + 302. Suppose 14*w - 1716 = u. What are the prime factors of w*((-9)/(-6) + -4 + 4)?
3, 71
Let c = 199 - 40. List the prime factors of (c/6)/((-1)/(-10)).
5, 53
Suppose -107 = -2*p - 103. What are the prime factors of 991 - ((-1)/p)/(4/24)?
2, 7, 71
Suppose 4*d + d - 47820 = 14*z - 15*z, 0 = -z. List the prime factors of d.
2, 3, 797
Let n(g) = -147*g**3 - 7*g**2 - 9*g + 1. Let i be n(-3). Suppose -s - 6*s = -i. List the prime factors of s.
2, 281
Let i = 12521 - 109. List the prime factors of i.
2, 29, 107
Let b = 582 - 143. Let i(g) = g**3 + g**2. Let s be i(0). Suppose 0 = -3*c - 2*q + q + b, s = -c - q + 147. List the prime factors of c.
2, 73
Let q be (1/3)/((-50)/(-64950)). Suppose 85*w - 86*w + q = 0. List the prime factors of w.
433
Suppose 90*j + 5*j - 318725 = 0. List the prime factors of j.
5, 11, 61
Let t be ((-10)/5)/(2 + 0/(-3)). What are the prime factors of t - (4 - 3 - 2)*376?
3, 5
Let i be ((-115)/5 - -6)*-2. Suppose 0 = -i*c + 2014 + 36202. What are the prime factors of c?
2, 281
List the prime factors of 15722 - (-18 - -9 - 10).
3, 11, 53
Let x(o) be the third derivative of -17*o**4/24 + 107*o**3/6 - 110*o**2. List the prime factors of x(-34).
5, 137
Let j = 1439 - 776. Let q = j - 296. What are the prime factors of q?
367
Suppose 5824 + 32416 = 5*g. List the prime factors of g.
2, 239
Let c = 207 - 74. Let f = c - -122. Suppose -375 = -6*z + f. List the prime factors of z.
3, 5, 7
Suppose -5*c + 3*f = 232, 3*c + 89 = -5*f - 57. Suppose 5*m - 1906 = -1616. Let t = m - c. List the prime factors of t.
3, 5, 7
Let n be (-1574)/3*(-189)/126. Let i = n + -450. List the prime factors of i.
337
Suppose -44*q + d = -43*q - 7, -d + 23 = 5*q. Suppose b = -b - 3*w + 483, q*w - 725 = -3*b. List the prime factors of b.
2, 3, 5
Let t = 4594 + -2906. Suppose -5*h + 20 = 0, -13*i = -9*i - 2*h - t. What are the prime factors of i?
2, 53
Suppose 451*p - r = 449*p + 8889, -2*r = 5*p - 22227. What are the prime factors of p?
5, 7, 127
Let u(b) = b**3 - 7*b**2 + 7. Let p be u(7). Let n(h) = -h**3 + 8*h**2 - 10. Let k be n(p). Suppose k = -s + 2*s. List the prime factors of s.
3, 13
Let t = -1026 + 1756. List the prime factors of (15/2*1)/(73/t).
3, 5
Suppose 0 = 10*c - 41477 - 136733. What are the prime factors of c?
71, 251
Suppose -p + 1769 = 3*a - 2344, 5*p - 2*a - 20565 = 0. List the prime factors of p.
3, 457
Let r be (3*(-7)/(-9))/(2/174). Let f = r + 18. What are the prime factors of f?
13, 17
Let g(a) = 3*a + 61. Let o be g(15). Let r = -112 + o. What are the prime factors of ((-136)/6)/(r/63)?
2, 7, 17
Let b = 337 - 93. Suppose -n - 4*l = -110, -2*n - 4*l + b = 16. List the prime factors of n.
2, 59
Let y = 1617 + -2395. Let t = 1527 + y. List the prime factors of t/5 - (-12)/60.
2, 3, 5
Suppose 184*g - 182*g + 2*z = 24274, 4*z - 60692 = -5*g. What are the prime factors of g?
2, 3, 11, 23
Let q(p) = 55*p - 555. List the prime factors of q(69).
2, 3, 5
Let h be ((-1)/(-6))/((-3)/30)*18. Let d be ((-99)/(-15))/(3/(-30)). Let r = h - d. List the prime factors of r.
2, 3
Let q be (-3046)/(-6) + (-3)/(-9). Let g = q - 344. What are the prime factors of g?
2, 41
Suppose o + 4*o = -3*z - 28, 24 = -2*z + 2*o. Let j(k) = k**3 - 722*k**2 - 721*k**2 - 9 + 2169*k**2 - 5*k - 715*k**2. List the prime factors of j(z).
2, 23
Let s = 5509 + -1456. Suppose -138*m = -131*m - s. List the prime factors of m.
3, 193
Suppose 52 + 53 = f. Let r(g) = 7*g - 193. Let m be r(25). Let p = f - m. What are the prime factors of p?
3, 41
Suppose 30*g = 144*g - 2947040 - 2780662. List the prime factors of g.
47, 1069
Suppose 3*q - 5*p - 41264 = 9810, -2*q = -3*p - 34048. List the prime factors of q.
2, 67, 127
Suppose 14*r = 111817 - 28503. List the prime factors of r.
11, 541
Let k(d) = -2*d**3 - 11*d**2 - 5*d - 14. Suppose -4*v - y - 6 = 27, 5*v + 3*y + 50 = 0. Let f be k(v). Let n = 18 + f. What are the prime factors of n?
2, 3, 31
List the prime factors of ((-192)/12 + 15)/(0 - (-2)/(-21734)).
10867
List the prime factors of (-18)/72 - ((-14817)/24*38 - -1).
23459
Let g(z) be the second derivative of z**6/360 + z**4/24 - 4*z**3/3 + 18*z. Let x(j) be the second derivative of g(j). List the prime factors of x(6).
37
Suppose 0 = -0*t + 7*t - 245. What are the prime factors of t/10*584/14?
2, 73
Let l(g) = g**2 - 6*g + 12. Let n be l(-8). Let u = n + -96. Suppose 14*w + 3*f + u = 15*w, -2*f = 5*w - 191. List the prime factors of w.
37
Let g(k) = -5*k**2 + 8*k + 46. Let y be g(-11). Let r = 1539 + y. What are the prime factors of r?
2, 223
Let a(z) = -2*z**2 + 15*z - 23. Let w be a(4). Suppose w*h = -4*n + 517, -3*n - h + 111 = -274. List the prime factors of n.
2
Let j be (-5 - -1 - -39)*202. Suppose 0 = -17*i + 31*i - j. What are the prime factors of i?
5, 101
Let v = 0 + 3. Suppose -998 = -s - v*h, -4*s + 5*h + 4024 = h. Suppose 2*i = 5*y - s, 0 = 2*i + 5 - 1. List the prime factors of y.
2, 5
Suppose k - 6183 - 1858 = 0. List the prime factors of k.
11, 17, 43
Suppose o - 5*r - 12 = 0, 5*o - 102 = 3*r + r. Suppose -o*f + 2376 = -18*f. List the prime factors of f.
2, 3, 11
Let v = 1442 - -499. What are the prime factors of v?
3, 647
Let i be -3*2/5*30/36. Let o be 1 + i/3*-6. Let y(c) = 7*c**2 - 9. What are the prime factors of y(o)?
2, 3
Let p be (-2)/3*(-1323)/126. Suppose -p*v - 1009 + 6266 = 0. List the prime factors of v.
751
Suppose 18*k + 115 = 13*k. Let v = k + 25. Suppose -v*q - 4*o + 45 + 7 = 0, -3*q + 70 = -2*o. What are the prime factors of q?
2, 3
Let i(n) = 23*n**3 - 24*n**2 + 46*n - 3. Let h(c) = -25*c**3 + 23*c**2 - 47*c + 3. Let w(x) = -4*h(x) - 3*i(x). What are the prime factors of w(3)?
2, 3, 67
Let k(s) = -4299*s - 6178. What are the prime factors of k(-7)?
5, 4783
Suppose -6*p + 4152 = 1194. Let f = 29 + p. List the prime factors of f.
2, 3, 29
Suppose 0*m + 2*o + 10775 = m, 0 = -5*m - 5*o + 53935. List the prime factors of m.
41, 263
Suppose -7*k + 88017 = -67243. What are the prime factors of k?
2, 5, 1109
Let l(f) = 40*f**2 - 74*f + 1020. List the prime factors of l(27).
2, 3, 7, 11, 61
Let i = -484 + 968. Let p = -428 + i. What are the prime factors of p?
2, 7
Suppose 51*q - 20*q = 4*q + 259686. What are the prime factors of q?
2, 3, 7, 229
Let j = 49326 + -21476. What are the prime factors of j?
2, 5, 557
Let n(i) = 863*i**2 + 256*i - 1259. What are the prime factors of n(5)?
2, 5399
Let u = 20017 + 218. What are the prime factors of u?
3, 5, 19, 71
What are the prime factors of (-11)/(-33)*(54299 + 4)?
23, 787
Let g be (-9 + 128/12)/((-1)/117). Let x = g - -425. What are the prime factors of x?
2, 5, 23
Let i(n) = 56*n**2 - 151*n + 52. List the prime factors of i(-23).
33149
Let v = 12275 - -519. List the prime factors of v.
2, 6397
Let x(y) = 5*y**2 + 17*y - 8. Let q be x(-5). Suppose -1210 = -37*o + q*o. What are the prime factors of o?
2, 11
Let r = 8498 - 6041. List the prime factors of r.
3, 7, 13
Suppose 0 = -29*p + 258 - 26. Suppose -4*q + 1776 = p*q. List the prime factors of q.
2, 37
Let w(g) = 3*g**2 - g + 359. List the prime 